{"id":271,"date":"2022-01-14T17:58:43","date_gmt":"2022-01-14T17:58:43","guid":{"rendered":"https:\/\/studioxl.pl\/?page_id=271"},"modified":"2023-04-15T19:33:49","modified_gmt":"2023-04-15T19:33:49","slug":"__trashed","status":"publish","type":"page","link":"https:\/\/studioxl.pl\/","title":{"rendered":"home"},"content":{"rendered":"\t\t<div data-elementor-type=\"wp-page\" data-elementor-id=\"271\" class=\"elementor elementor-271\" data-elementor-settings=\"[]\">\n\t\t\t\t\t\t\t<div class=\"elementor-section-wrap\">\n\t\t\t\t\t\t\t<section class=\"elementor-section elementor-top-section elementor-element elementor-element-432d8e3a elementor-section-boxed elementor-section-height-default elementor-section-height-default wpr-particle-no wpr-jarallax-no wpr-parallax-no wpr-sticky-section-no\" data-id=\"432d8e3a\" data-element_type=\"section\">\n\t\t\t\t\t\t<div class=\"elementor-container elementor-column-gap-default\">\n\t\t\t\t\t<div class=\"elementor-column elementor-col-100 elementor-top-column elementor-element elementor-element-6ee81bd\" data-id=\"6ee81bd\" data-element_type=\"column\">\n\t\t\t<div class=\"elementor-widget-wrap\">\n\t\t\t\t\t\t\t\t\t<\/div>\n\t\t<\/div>\n\t\t\t\t\t\t\t<\/div>\n\t\t<\/section>\n\t\t\t\t<section class=\"elementor-section elementor-top-section elementor-element elementor-element-21ee94a elementor-section-boxed elementor-section-height-default elementor-section-height-default wpr-particle-no wpr-jarallax-no wpr-parallax-no wpr-sticky-section-no\" data-id=\"21ee94a\" data-element_type=\"section\">\n\t\t\t\t\t\t<div class=\"elementor-container elementor-column-gap-default\">\n\t\t\t\t\t<div class=\"elementor-column elementor-col-100 elementor-top-column elementor-element elementor-element-db97de1\" data-id=\"db97de1\" data-element_type=\"column\">\n\t\t\t<div class=\"elementor-widget-wrap elementor-element-populated\">\n\t\t\t\t\t\t\t\t<div class=\"elementor-section elementor-inner-section elementor-element elementor-element-4f64ad6 elementor-section-boxed elementor-section-height-default elementor-section-height-default wpr-particle-no wpr-jarallax-no wpr-parallax-no wpr-sticky-section-no\" data-id=\"4f64ad6\" data-element_type=\"section\">\n\t\t\t\t\t\t<div class=\"elementor-container elementor-column-gap-default\">\n\t\t\t\t\t<div class=\"elementor-column elementor-col-50 elementor-inner-column elementor-element elementor-element-3008756\" data-id=\"3008756\" data-element_type=\"column\">\n\t\t\t<div class=\"elementor-widget-wrap elementor-element-populated\">\n\t\t\t\t\t\t\t\t<div class=\"elementor-element elementor-element-11a375b elementor-invisible elementor-widget elementor-widget-image\" data-id=\"11a375b\" data-element_type=\"widget\" data-settings=\"{&quot;_animation&quot;:&quot;fadeInLeft&quot;}\" data-widget_type=\"image.default\">\n\t\t\t\t<div class=\"elementor-widget-container\">\n\t\t\t<style>\/*! elementor - v3.5.3 - 28-12-2021 *\/\n.elementor-widget-image{text-align:center}.elementor-widget-image a{display:inline-block}.elementor-widget-image a img[src$=\".svg\"]{width:48px}.elementor-widget-image img{vertical-align:middle;display:inline-block}<\/style>\t\t\t\t\t\t\t\t\t\t\t\t<img decoding=\"async\" loading=\"lazy\" width=\"740\" height=\"237\" src=\"https:\/\/studioxl.pl\/wp-content\/uploads\/2022\/02\/logo-StudioXL-BHP-RODO-Szkolenia-2.jpg\" class=\"attachment-large size-large\" alt=\"\" srcset=\"https:\/\/studioxl.pl\/wp-content\/uploads\/2022\/02\/logo-StudioXL-BHP-RODO-Szkolenia-2.jpg 740w, https:\/\/studioxl.pl\/wp-content\/uploads\/2022\/02\/logo-StudioXL-BHP-RODO-Szkolenia-2-300x96.jpg 300w\" sizes=\"(max-width: 740px) 100vw, 740px\" \/>\t\t\t\t\t\t\t\t\t\t\t\t\t\t\t<\/div>\n\t\t\t\t<\/div>\n\t\t\t\t\t<\/div>\n\t\t<\/div>\n\t\t\t\t<div class=\"elementor-column elementor-col-50 elementor-inner-column elementor-element elementor-element-746e2e1\" data-id=\"746e2e1\" data-element_type=\"column\">\n\t\t\t<div class=\"elementor-widget-wrap elementor-element-populated\">\n\t\t\t\t\t\t\t\t<div class=\"elementor-element elementor-element-e5099f1 elementor-invisible elementor-widget elementor-widget-text-editor\" data-id=\"e5099f1\" data-element_type=\"widget\" data-settings=\"{&quot;_animation&quot;:&quot;fadeInLeft&quot;}\" data-widget_type=\"text-editor.default\">\n\t\t\t\t<div class=\"elementor-widget-container\">\n\t\t\t<style>\/*! elementor - v3.5.3 - 28-12-2021 *\/\n.elementor-widget-text-editor.elementor-drop-cap-view-stacked .elementor-drop-cap{background-color:#818a91;color:#fff}.elementor-widget-text-editor.elementor-drop-cap-view-framed .elementor-drop-cap{color:#818a91;border:3px solid;background-color:transparent}.elementor-widget-text-editor:not(.elementor-drop-cap-view-default) .elementor-drop-cap{margin-top:8px}.elementor-widget-text-editor:not(.elementor-drop-cap-view-default) .elementor-drop-cap-letter{width:1em;height:1em}.elementor-widget-text-editor .elementor-drop-cap{float:left;text-align:center;line-height:1;font-size:50px}.elementor-widget-text-editor .elementor-drop-cap-letter{display:inline-block}<\/style>\t\t\t\t<p><b>Firma Studio XL zosta\u0142a stworzona w 2002 roku. <\/b><\/p><p><b>Od ponad 20 lat zajmuje si\u0119 wspieraniem dzia\u0142alno\u015bci przedsi\u0119biorc\u00f3w, sp\u00f3\u0142ek i instytucji publicznych. <\/b><\/p><p><b>Oferuje us\u0142ugi w zakresie bezpiecze\u0144stwa i higieny pracy, ochrony przeciwpo\u017carowej oraz ochrony danych osobowych. Studio XL stawia sobie za cel wdra\u017canie i promowanie wysokich standard\u00f3w \u015bwiadczenia us\u0142ug zwi\u0105zanych z szeroko rozumianym bezpiecze\u0144stwem w zak\u0142adach pracy.\u00a0<\/b><\/p>\t\t\t\t\t\t<\/div>\n\t\t\t\t<\/div>\n\t\t\t\t\t<\/div>\n\t\t<\/div>\n\t\t\t\t\t\t\t<\/div>\n\t\t<\/div>\n\t\t\t\t<div class=\"elementor-element elementor-element-f2e3d87 elementor-widget-divider--view-line elementor-widget elementor-widget-divider\" data-id=\"f2e3d87\" data-element_type=\"widget\" data-widget_type=\"divider.default\">\n\t\t\t\t<div class=\"elementor-widget-container\">\n\t\t\t<style>\/*! elementor - v3.5.3 - 28-12-2021 *\/\n.elementor-widget-divider{--divider-border-style:none;--divider-border-width:1px;--divider-color:#2c2c2c;--divider-icon-size:20px;--divider-element-spacing:10px;--divider-pattern-height:24px;--divider-pattern-size:20px;--divider-pattern-url:none;--divider-pattern-repeat:repeat-x}.elementor-widget-divider .elementor-divider{display:-webkit-box;display:-ms-flexbox;display:flex}.elementor-widget-divider .elementor-divider__text{font-size:15px;line-height:1;max-width:95%}.elementor-widget-divider .elementor-divider__element{margin:0 var(--divider-element-spacing);-ms-flex-negative:0;flex-shrink:0}.elementor-widget-divider .elementor-icon{font-size:var(--divider-icon-size)}.elementor-widget-divider .elementor-divider-separator{display:-webkit-box;display:-ms-flexbox;display:flex;margin:0;direction:ltr}.elementor-widget-divider--view-line_icon .elementor-divider-separator,.elementor-widget-divider--view-line_text .elementor-divider-separator{-webkit-box-align:center;-ms-flex-align:center;align-items:center}.elementor-widget-divider--view-line_icon .elementor-divider-separator:after,.elementor-widget-divider--view-line_icon .elementor-divider-separator:before,.elementor-widget-divider--view-line_text .elementor-divider-separator:after,.elementor-widget-divider--view-line_text .elementor-divider-separator:before{display:block;content:\"\";border-bottom:0;-webkit-box-flex:1;-ms-flex-positive:1;flex-grow:1;border-top:var(--divider-border-width) var(--divider-border-style) var(--divider-color)}.elementor-widget-divider--element-align-left .elementor-divider .elementor-divider-separator>.elementor-divider__svg:first-of-type{-webkit-box-flex:0;-ms-flex-positive:0;flex-grow:0;-ms-flex-negative:100;flex-shrink:100}.elementor-widget-divider--element-align-left .elementor-divider-separator:before{content:none}.elementor-widget-divider--element-align-left .elementor-divider__element{margin-left:0}.elementor-widget-divider--element-align-right .elementor-divider .elementor-divider-separator>.elementor-divider__svg:last-of-type{-webkit-box-flex:0;-ms-flex-positive:0;flex-grow:0;-ms-flex-negative:100;flex-shrink:100}.elementor-widget-divider--element-align-right .elementor-divider-separator:after{content:none}.elementor-widget-divider--element-align-right .elementor-divider__element{margin-right:0}.elementor-widget-divider:not(.elementor-widget-divider--view-line_text):not(.elementor-widget-divider--view-line_icon) .elementor-divider-separator{border-top:var(--divider-border-width) var(--divider-border-style) var(--divider-color)}.elementor-widget-divider--separator-type-pattern{--divider-border-style:none}.elementor-widget-divider--separator-type-pattern.elementor-widget-divider--view-line .elementor-divider-separator,.elementor-widget-divider--separator-type-pattern:not(.elementor-widget-divider--view-line) .elementor-divider-separator:after,.elementor-widget-divider--separator-type-pattern:not(.elementor-widget-divider--view-line) .elementor-divider-separator:before,.elementor-widget-divider--separator-type-pattern:not([class*=elementor-widget-divider--view]) .elementor-divider-separator{width:100%;min-height:var(--divider-pattern-height);-webkit-mask-size:var(--divider-pattern-size) 100%;mask-size:var(--divider-pattern-size) 100%;-webkit-mask-repeat:var(--divider-pattern-repeat);mask-repeat:var(--divider-pattern-repeat);background-color:var(--divider-color);-webkit-mask-image:var(--divider-pattern-url);mask-image:var(--divider-pattern-url)}.elementor-widget-divider--no-spacing{--divider-pattern-size:auto}.elementor-widget-divider--bg-round{--divider-pattern-repeat:round}.rtl .elementor-widget-divider .elementor-divider__text{direction:rtl}<\/style>\t\t<div class=\"elementor-divider\">\n\t\t\t<span class=\"elementor-divider-separator\">\n\t\t\t\t\t\t<\/span>\n\t\t<\/div>\n\t\t\t\t<\/div>\n\t\t\t\t<\/div>\n\t\t\t\t<div class=\"elementor-section elementor-inner-section elementor-element elementor-element-8252cef elementor-section-boxed elementor-section-height-default elementor-section-height-default wpr-particle-no wpr-jarallax-no wpr-parallax-no wpr-sticky-section-no\" data-id=\"8252cef\" data-element_type=\"section\">\n\t\t\t\t\t\t<div class=\"elementor-container elementor-column-gap-default\">\n\t\t\t\t\t<div class=\"elementor-column elementor-col-50 elementor-inner-column elementor-element elementor-element-e0702cd\" data-id=\"e0702cd\" data-element_type=\"column\">\n\t\t\t<div class=\"elementor-widget-wrap elementor-element-populated\">\n\t\t\t\t\t\t\t\t<div class=\"elementor-element elementor-element-c93fd95 elementor-invisible elementor-widget elementor-widget-image\" data-id=\"c93fd95\" data-element_type=\"widget\" data-settings=\"{&quot;_animation&quot;:&quot;fadeInLeft&quot;}\" data-widget_type=\"image.default\">\n\t\t\t\t<div class=\"elementor-widget-container\">\n\t\t\t\t\t\t\t\t\t\t\t\t\t\t\t<img decoding=\"async\" loading=\"lazy\" width=\"768\" height=\"513\" src=\"https:\/\/studioxl.pl\/wp-content\/uploads\/2021\/12\/AdobeStock_319617074-768x513.jpeg\" class=\"attachment-medium_large size-medium_large\" alt=\"\" srcset=\"https:\/\/studioxl.pl\/wp-content\/uploads\/2021\/12\/AdobeStock_319617074-768x513.jpeg 768w, https:\/\/studioxl.pl\/wp-content\/uploads\/2021\/12\/AdobeStock_319617074-300x200.jpeg 300w, https:\/\/studioxl.pl\/wp-content\/uploads\/2021\/12\/AdobeStock_319617074-1024x684.jpeg 1024w, https:\/\/studioxl.pl\/wp-content\/uploads\/2021\/12\/AdobeStock_319617074-1536x1025.jpeg 1536w, https:\/\/studioxl.pl\/wp-content\/uploads\/2021\/12\/AdobeStock_319617074-2048x1367.jpeg 2048w, https:\/\/studioxl.pl\/wp-content\/uploads\/2021\/12\/AdobeStock_319617074-1140x761.jpeg 1140w\" sizes=\"(max-width: 768px) 100vw, 768px\" \/>\t\t\t\t\t\t\t\t\t\t\t\t\t\t\t<\/div>\n\t\t\t\t<\/div>\n\t\t\t\t\t<\/div>\n\t\t<\/div>\n\t\t\t\t<div class=\"elementor-column elementor-col-50 elementor-inner-column elementor-element elementor-element-52192a8\" data-id=\"52192a8\" data-element_type=\"column\">\n\t\t\t<div class=\"elementor-widget-wrap elementor-element-populated\">\n\t\t\t\t\t\t\t\t<div class=\"elementor-element elementor-element-b72ab43 elementor-invisible elementor-widget elementor-widget-heading\" data-id=\"b72ab43\" data-element_type=\"widget\" data-settings=\"{&quot;_animation&quot;:&quot;fadeInLeft&quot;}\" data-widget_type=\"heading.default\">\n\t\t\t\t<div class=\"elementor-widget-container\">\n\t\t\t<style>\/*! elementor - v3.5.3 - 28-12-2021 *\/\n.elementor-heading-title{padding:0;margin:0;line-height:1}.elementor-widget-heading .elementor-heading-title[class*=elementor-size-]>a{color:inherit;font-size:inherit;line-height:inherit}.elementor-widget-heading .elementor-heading-title.elementor-size-small{font-size:15px}.elementor-widget-heading .elementor-heading-title.elementor-size-medium{font-size:19px}.elementor-widget-heading .elementor-heading-title.elementor-size-large{font-size:29px}.elementor-widget-heading .elementor-heading-title.elementor-size-xl{font-size:39px}.elementor-widget-heading .elementor-heading-title.elementor-size-xxl{font-size:59px}<\/style><h2 class=\"elementor-heading-title elementor-size-default\">W obszarze bezpiecze\u0144stwa i higieny pracy oraz ochrony przeciwpo\u017carowej oferuje:<\/h2>\t\t<\/div>\n\t\t\t\t<\/div>\n\t\t\t\t<div class=\"elementor-element elementor-element-823be81 elementor-invisible elementor-widget elementor-widget-text-editor\" data-id=\"823be81\" data-element_type=\"widget\" data-settings=\"{&quot;_animation&quot;:&quot;fadeInLeft&quot;}\" data-widget_type=\"text-editor.default\">\n\t\t\t\t<div class=\"elementor-widget-container\">\n\t\t\t\t\t\t\t<ul><li style=\"text-align: left;\">kompleksow\u0105 obs\u0142ug\u0119 firm w ramach outsourcingu bhp jako specjali\u015bci spoza zak\u0142adu pracy,<\/li>\n<li style=\"text-align: left;\">szkolenia wst\u0119pne i okresowe bhp,<\/li>\n<li style=\"text-align: left;\">szkolenia z udzielania pierwszej pomocy,<\/li>\n<li style=\"text-align: left;\">opracowanie dokumentacji oceny ryzyka zawodowego,<\/li>\n<li style=\"text-align: left;\">opracowanie dokumentacji post\u0119powania powypadkowego,<\/li>\n<li style=\"text-align: left;\">opracowanie instrukcji bhp,<\/li>\n<li style=\"text-align: left;\">opracowanie instrukcji bezpiecze\u0144stwa po\u017carowego,<\/li>\n<li style=\"text-align: left;\">przegl\u0105dy sprz\u0119tu ppo\u017c.,<\/li>\n<li style=\"text-align: left;\">doradztwo w zakresie bhp, ppo\u017c., ochrony \u015brodowiska.<\/li>\n<\/ul>\t\t\t\t\t\t<\/div>\n\t\t\t\t<\/div>\n\t\t\t\t<div class=\"elementor-element elementor-element-64f5855 elementor-invisible elementor-widget elementor-widget-button\" data-id=\"64f5855\" data-element_type=\"widget\" data-settings=\"{&quot;_animation&quot;:&quot;fadeInLeft&quot;}\" data-widget_type=\"button.default\">\n\t\t\t\t<div class=\"elementor-widget-container\">\n\t\t\t\t\t<div class=\"elementor-button-wrapper\">\n\t\t\t<a href=\"https:\/\/studioxl.pl\/index.php\/ofertabhp\/\" class=\"elementor-button-link elementor-button elementor-size-sm elementor-animation-push\" role=\"button\">\n\t\t\t\t\t\t<span class=\"elementor-button-content-wrapper\">\n\t\t\t\t\t\t<span class=\"elementor-button-text\">Zobacz nasz\u0105 pe\u0142n\u0105 ofert\u0119 BHP<\/span>\n\t\t<\/span>\n\t\t\t\t\t<\/a>\n\t\t<\/div>\n\t\t\t\t<\/div>\n\t\t\t\t<\/div>\n\t\t\t\t\t<\/div>\n\t\t<\/div>\n\t\t\t\t\t\t\t<\/div>\n\t\t<\/div>\n\t\t\t\t<div class=\"elementor-element elementor-element-38ee2de elementor-widget-divider--view-line elementor-widget elementor-widget-divider\" data-id=\"38ee2de\" data-element_type=\"widget\" data-widget_type=\"divider.default\">\n\t\t\t\t<div class=\"elementor-widget-container\">\n\t\t\t\t\t<div class=\"elementor-divider\">\n\t\t\t<span class=\"elementor-divider-separator\">\n\t\t\t\t\t\t<\/span>\n\t\t<\/div>\n\t\t\t\t<\/div>\n\t\t\t\t<\/div>\n\t\t\t\t<div class=\"elementor-section elementor-inner-section elementor-element elementor-element-4cc9aee elementor-section-boxed elementor-section-height-default elementor-section-height-default wpr-particle-no wpr-jarallax-no wpr-parallax-no wpr-sticky-section-no\" data-id=\"4cc9aee\" data-element_type=\"section\">\n\t\t\t\t\t\t<div class=\"elementor-container elementor-column-gap-default\">\n\t\t\t\t\t<div class=\"elementor-column elementor-col-50 elementor-inner-column elementor-element elementor-element-511e1d7\" data-id=\"511e1d7\" data-element_type=\"column\">\n\t\t\t<div class=\"elementor-widget-wrap elementor-element-populated\">\n\t\t\t\t\t\t\t\t<div class=\"elementor-element elementor-element-3867944 elementor-invisible elementor-widget elementor-widget-image\" data-id=\"3867944\" data-element_type=\"widget\" data-settings=\"{&quot;_animation&quot;:&quot;fadeInLeft&quot;}\" data-widget_type=\"image.default\">\n\t\t\t\t<div class=\"elementor-widget-container\">\n\t\t\t\t\t\t\t\t\t\t\t\t\t\t\t<img decoding=\"async\" loading=\"lazy\" width=\"530\" height=\"360\" src=\"https:\/\/studioxl.pl\/wp-content\/uploads\/2022\/02\/asset_AdobeStock_181379251.jpg\" class=\"attachment-large size-large\" alt=\"\" srcset=\"https:\/\/studioxl.pl\/wp-content\/uploads\/2022\/02\/asset_AdobeStock_181379251.jpg 530w, https:\/\/studioxl.pl\/wp-content\/uploads\/2022\/02\/asset_AdobeStock_181379251-300x204.jpg 300w\" sizes=\"(max-width: 530px) 100vw, 530px\" \/>\t\t\t\t\t\t\t\t\t\t\t\t\t\t\t<\/div>\n\t\t\t\t<\/div>\n\t\t\t\t\t<\/div>\n\t\t<\/div>\n\t\t\t\t<div class=\"elementor-column elementor-col-50 elementor-inner-column elementor-element elementor-element-c358ba6\" data-id=\"c358ba6\" data-element_type=\"column\">\n\t\t\t<div class=\"elementor-widget-wrap elementor-element-populated\">\n\t\t\t\t\t\t\t\t<div class=\"elementor-element elementor-element-d96cc6d elementor-invisible elementor-widget elementor-widget-heading\" data-id=\"d96cc6d\" data-element_type=\"widget\" data-settings=\"{&quot;_animation&quot;:&quot;fadeInLeft&quot;}\" data-widget_type=\"heading.default\">\n\t\t\t\t<div class=\"elementor-widget-container\">\n\t\t\t<h2 class=\"elementor-heading-title elementor-size-default\">W obszarze ochrony danych osobowych oferuje:\u200b<\/h2>\t\t<\/div>\n\t\t\t\t<\/div>\n\t\t\t\t<div class=\"elementor-element elementor-element-ab595d8 elementor-invisible elementor-widget elementor-widget-text-editor\" data-id=\"ab595d8\" data-element_type=\"widget\" data-settings=\"{&quot;_animation&quot;:&quot;fadeInLeft&quot;}\" data-widget_type=\"text-editor.default\">\n\t\t\t\t<div class=\"elementor-widget-container\">\n\t\t\t\t\t\t\t<ul>\n<li style=\"text-align: left;\">kompleksow\u0105 obs\u0142ug\u0119 firm,<\/li>\n<li style=\"text-align: left;\">pe\u0142nienie funkcji Inspektora ochrony danych,<\/li>\n<li style=\"text-align: left;\">opracowanie dokumentacji ochrony danych (m.in. Polityka ochrony danych osobowych, analiza ryzyka, opracowanie klauzul informacyjnych, przygotowanie um\u00f3w powierzenia przetwarzania danych, rejestr czynno\u015bci przetwarzania danych, rejestr kategorii czynno\u015bci przetwarzania danych, obs\u0142uga narusze\u0144 i incydent\u00f3w),<\/li>\n<li style=\"text-align: left;\">audyty zgodno\u015bci przetwarzania danych osobowych,<\/li>\n<li style=\"text-align: left;\">szkolenia i wdra\u017canie polityk ochrony danych osobowych.<\/li>\n<\/ul>\t\t\t\t\t\t<\/div>\n\t\t\t\t<\/div>\n\t\t\t\t<div class=\"elementor-element elementor-element-7eb3120 elementor-invisible elementor-widget elementor-widget-button\" data-id=\"7eb3120\" data-element_type=\"widget\" data-settings=\"{&quot;_animation&quot;:&quot;fadeInLeft&quot;}\" data-widget_type=\"button.default\">\n\t\t\t\t<div class=\"elementor-widget-container\">\n\t\t\t\t\t<div class=\"elementor-button-wrapper\">\n\t\t\t<a href=\"https:\/\/studioxl.pl\/index.php\/ofertarodo\/\" class=\"elementor-button-link elementor-button elementor-size-sm elementor-animation-push\" role=\"button\">\n\t\t\t\t\t\t<span class=\"elementor-button-content-wrapper\">\n\t\t\t\t\t\t<span class=\"elementor-button-text\">Zobacz nasz\u0105 pe\u0142n\u0105 ofert\u0119 RODO<\/span>\n\t\t<\/span>\n\t\t\t\t\t<\/a>\n\t\t<\/div>\n\t\t\t\t<\/div>\n\t\t\t\t<\/div>\n\t\t\t\t\t<\/div>\n\t\t<\/div>\n\t\t\t\t\t\t\t<\/div>\n\t\t<\/div>\n\t\t\t\t\t<\/div>\n\t\t<\/div>\n\t\t\t\t\t\t\t<\/div>\n\t\t<\/section>\n\t\t\t\t<section class=\"elementor-section elementor-top-section elementor-element elementor-element-ef65a71 elementor-section-boxed elementor-section-height-default elementor-section-height-default wpr-particle-no wpr-jarallax-no wpr-parallax-no wpr-sticky-section-no\" data-id=\"ef65a71\" data-element_type=\"section\">\n\t\t\t\t\t\t<div class=\"elementor-container elementor-column-gap-default\">\n\t\t\t\t\t<div class=\"elementor-column elementor-col-100 elementor-top-column elementor-element elementor-element-217a0ce\" data-id=\"217a0ce\" data-element_type=\"column\">\n\t\t\t<div class=\"elementor-widget-wrap elementor-element-populated\">\n\t\t\t\t\t\t\t\t<section class=\"elementor-section elementor-inner-section elementor-element elementor-element-a7a6d0d elementor-section-boxed elementor-section-height-default elementor-section-height-default wpr-particle-no wpr-jarallax-no wpr-parallax-no wpr-sticky-section-no\" data-id=\"a7a6d0d\" data-element_type=\"section\">\n\t\t\t\t\t\t<div class=\"elementor-container elementor-column-gap-default\">\n\t\t\t\t\t<div class=\"elementor-column elementor-col-100 elementor-inner-column elementor-element elementor-element-826aa00\" data-id=\"826aa00\" data-element_type=\"column\">\n\t\t\t<div class=\"elementor-widget-wrap\">\n\t\t\t\t\t\t\t\t\t<\/div>\n\t\t<\/div>\n\t\t\t\t\t\t\t<\/div>\n\t\t<\/section>\n\t\t\t\t\t<\/div>\n\t\t<\/div>\n\t\t\t\t\t\t\t<\/div>\n\t\t<\/section>\n\t\t\t\t<section class=\"elementor-section elementor-top-section elementor-element elementor-element-63e92eb elementor-section-boxed elementor-section-height-default elementor-section-height-default wpr-particle-no wpr-jarallax-no wpr-parallax-no wpr-sticky-section-no\" data-id=\"63e92eb\" data-element_type=\"section\">\n\t\t\t\t\t\t<div class=\"elementor-container elementor-column-gap-default\">\n\t\t\t\t\t<div class=\"elementor-column elementor-col-100 elementor-top-column elementor-element elementor-element-7cec223\" data-id=\"7cec223\" data-element_type=\"column\">\n\t\t\t<div class=\"elementor-widget-wrap elementor-element-populated\">\n\t\t\t\t\t\t\t\t<div class=\"elementor-element elementor-element-caabd27 elementor-widget-divider--view-line elementor-widget elementor-widget-divider\" data-id=\"caabd27\" data-element_type=\"widget\" data-widget_type=\"divider.default\">\n\t\t\t\t<div class=\"elementor-widget-container\">\n\t\t\t\t\t<div class=\"elementor-divider\">\n\t\t\t<span class=\"elementor-divider-separator\">\n\t\t\t\t\t\t<\/span>\n\t\t<\/div>\n\t\t\t\t<\/div>\n\t\t\t\t<\/div>\n\t\t\t\t<div class=\"elementor-element elementor-element-77eb746 elementor-invisible elementor-widget elementor-widget-heading\" data-id=\"77eb746\" data-element_type=\"widget\" data-settings=\"{&quot;_animation&quot;:&quot;fadeInLeft&quot;}\" data-widget_type=\"heading.default\">\n\t\t\t\t<div class=\"elementor-widget-container\">\n\t\t\t<h4 class=\"elementor-heading-title elementor-size-default\">Firma Studio XL \u015bwiadczy us\u0142ugi dla instytucji publicznych, firm, sp\u00f3\u0142ek, sp\u00f3\u0142dzielni, os\u00f3b fizycznych prowadz\u0105cych dzia\u0142alno\u015b\u0107 gospodarcz\u0105.<\/h4>\t\t<\/div>\n\t\t\t\t<\/div>\n\t\t\t\t\t<\/div>\n\t\t<\/div>\n\t\t\t\t\t\t\t<\/div>\n\t\t<\/section>\n\t\t\t\t\t\t<\/div>\n\t\t\t\t\t<\/div>\n\t\t","protected":false},"excerpt":{"rendered":"<p>Firma Studio XL zosta\u0142a stworzona w 2002 roku. Od ponad 20 lat zajmuje si\u0119 wspieraniem dzia\u0142alno\u015bci przedsi\u0119biorc\u00f3w, sp\u00f3\u0142ek i instytucji publicznych. Oferuje us\u0142ugi w zakresie bezpiecze\u0144stwa i higieny pracy, ochrony przeciwpo\u017carowej oraz ochrony danych osobowych. Studio XL stawia sobie za cel wdra\u017canie i promowanie wysokich standard\u00f3w \u015bwiadczenia us\u0142ug zwi\u0105zanych z szeroko rozumianym bezpiecze\u0144stwem w zak\u0142adach pracy.\u00a0 W obszarze bezpiecze\u0144stwa i higieny pracy oraz ochrony przeciwpo\u017carowej oferuje: kompleksow\u0105 obs\u0142ug\u0119 firm w ramach outsourcingu bhp jako specjali\u015bci spoza zak\u0142adu pracy, szkolenia wst\u0119pne i okresowe bhp, szkolenia z udzielania pierwszej pomocy, opracowanie dokumentacji oceny ryzyka zawodowego, opracowanie dokumentacji post\u0119powania powypadkowego, opracowanie instrukcji bhp, opracowanie instrukcji bezpiecze\u0144stwa po\u017carowego, przegl\u0105dy sprz\u0119tu ppo\u017c., doradztwo w zakresie bhp, ppo\u017c., ochrony \u015brodowiska. Zobacz nasz\u0105 pe\u0142n\u0105 ofert\u0119 BHP W obszarze ochrony danych osobowych oferuje:\u200b kompleksow\u0105 obs\u0142ug\u0119 firm, pe\u0142nienie funkcji Inspektora ochrony danych, opracowanie dokumentacji ochrony danych (m.in. Polityka ochrony danych osobowych, analiza ryzyka, opracowanie klauzul informacyjnych, przygotowanie um\u00f3w powierzenia przetwarzania danych, rejestr czynno\u015bci przetwarzania danych, rejestr kategorii czynno\u015bci przetwarzania danych, obs\u0142uga narusze\u0144 i incydent\u00f3w), audyty zgodno\u015bci przetwarzania danych osobowych, szkolenia i wdra\u017canie polityk ochrony danych osobowych. Zobacz nasz\u0105 pe\u0142n\u0105 ofert\u0119 RODO Firma Studio XL \u015bwiadczy us\u0142ugi dla instytucji publicznych, firm, sp\u00f3\u0142ek, sp\u00f3\u0142dzielni, os\u00f3b fizycznych prowadz\u0105cych dzia\u0142alno\u015b\u0107 gospodarcz\u0105.<\/p>\n","protected":false},"author":1,"featured_media":0,"parent":0,"menu_order":0,"comment_status":"closed","ping_status":"closed","template":"","meta":{"footnotes":""},"acf":[],"_links":{"self":[{"href":"https:\/\/studioxl.pl\/index.php\/wp-json\/wp\/v2\/pages\/271"}],"collection":[{"href":"https:\/\/studioxl.pl\/index.php\/wp-json\/wp\/v2\/pages"}],"about":[{"href":"https:\/\/studioxl.pl\/index.php\/wp-json\/wp\/v2\/types\/page"}],"author":[{"embeddable":true,"href":"https:\/\/studioxl.pl\/index.php\/wp-json\/wp\/v2\/users\/1"}],"replies":[{"embeddable":true,"href":"https:\/\/studioxl.pl\/index.php\/wp-json\/wp\/v2\/comments?post=271"}],"version-history":[{"count":162,"href":"https:\/\/studioxl.pl\/index.php\/wp-json\/wp\/v2\/pages\/271\/revisions"}],"predecessor-version":[{"id":1519,"href":"https:\/\/studioxl.pl\/index.php\/wp-json\/wp\/v2\/pages\/271\/revisions\/1519"}],"wp:attachment":[{"href":"https:\/\/studioxl.pl\/index.php\/wp-json\/wp\/v2\/media?parent=271"}],"curies":[{"name":"wp","href":"https:\/\/api.w.org\/{rel}","templated":true}]}}